hat is the remainder when 73153 is divided by 14563?
338
What is the remainder when 1551939 is divided by 679?
424
Calculate the remainder when 79980 is divided by 177.
153
What is the remainder when 50992701 is divided by 3?
0
Calculate the remainder when 8962 is divided by 1087.
266
What is the remainder when 47472 is divided by 18364?
10744
What is the remainder when 402944 is divided by 973?
122
What is the remainder when 47234069 is divided by 155?
144
What is the remainder when 140291 is divided by 97?
29
Calculate the remainder when 456527 is divided by 65217.
8
Calculate the remainder when 601292 is divided by 4595.
3942
What is the remainder when 32016598 is divided by 61689?
7
What is the remainder when 324630 is divided by 5687?
471
Calculate the remainder when 152398 is divided by 732.
142
What is the remainder when 2491934 is divided by 80?
14
Calculate the remainder when 1818458 is divided by 109.
11
Calculate the remainder when 183776 is divided by 45940.
16
Calculate the remainder when 223581 is divided by 132.
105
What is the remainder when 87135 is divided by 12446?
13
What is the remainder when 8247274 is divided by 8247190?
84
Calculate the remainder when 84180899 is divided by 137.
16
Calculate the remainder when 381968 is divided by 87.
38
What is the remainder when 1078504 is divided by 5392?
104
What is the remainder when 96986195 is divided by 16164364?
11
Calculate the remainder when 15919048 is divided by 65242.
0
Calculate the remainder when 375825 is divided by 62604.
201
Calculate the remainder when 17314625 is divided by 140.
125
Calculate the remainder when 129243 is divided by 2587.
2480
Calculate the remainder when 17152822 is divided by 9090.
9082
Calculate the remainder when 4127271 is divided by 389.
370
What is the remainder when 198648 is divided by 1136?
984
What is the remainder when 373777 is divided by 4792?
1
What is the remainder when 5387676 is divided by 97?
5
What is the remainder when 15113975 is divided by 269?
210
Calculate the remainder when 1635396 is divided by 132.
48
Calculate the remainder when 1508076 is divided by 376843.
704
What is the remainder when 3499357 is divided by 32704?
29
What is the remainder when 44213 is divided by 78?
65
Calculate the remainder when 175397 is divided by 5657.
30
What is the remainder when 2032474 is divided by 5694?
5410
What is the remainder when 51115 is divided by 1234?
521
Calculate the remainder when 97370 is divided by 3622.
3198
What is the remainder when 4007066 is divided by 162?
158
Calculate the remainder when 636921 is divided by 636096.
825
What is the remainder when 31077907 is divided by 107536?
3
What is the remainder when 395789 is divided by 69?
5
Calculate the remainder when 3843695 is divided by 50.
45
Calculate the remainder when 35181762 is divided by 496.
482
Calculate the remainder when 927608 is divided by 132509.
45
Calculate the remainder when 7623540 is divided by 8663.
100
What is the remainder when 30580 is divided by 29850?
730
What is the remainder when 71332951 is divided by 7?
4
What is the remainder when 13499497 is divided by 264696?
1
What is the remainder when 25495270 is divided by 8622?
16
What is the remainder when 3237511 is divided by 2779?
2755
What is the remainder when 31195000 is divided by 4456425?
25
Calculate the remainder when 15181364 is divided by 224.
212
Calculate the remainder when 14528 is divided by 1286.
382
What is the remainder when 23045596 is divided by 365803?
7
What is the remainder when 289336 is divided by 3859?
3770
What is the remainder when 1901531 is divided by 285?
11
Calculate the remainder when 518542 is divided by 2316.
2074
What is the remainder when 179576 is divided by 1760?
56
Calculate the remainder when 1788565 is divided by 2498.
2495
What is the remainder when 67095 is divided by 540?
135
What is the remainder when 88951 is divided by 88436?
515
What is the remainder when 132086 is divided by 308?
262
Calculate the remainder when 40236 is divided by 191.
126
Calculate the remainder when 21323695 is divided by 76156.
15
What is the remainder when 814089 is divided by 35394?
27
Calculate the remainder when 2806199 is divided by 11549.
11341
What is the remainder when 139031 is divided by 3230?
141
Calculate the remainder when 2508719 is divided by 80926.
13
Calculate the remainder when 359026 is divided by 9049.
6115
What is the remainder when 1103830 is divided by 551908?
14
Calculate the remainder when 119157 is divided by 5732.
4517
What is the remainder when 99274 is divided by 49485?
304
What is the remainder when 1400847 is divided by 1400728?
119
Calculate the remainder when 56656178 is divided by 14164042.
10
Calculate the remainder when 94997472 is divided by 1305.
1302
What is the remainder when 1007111 is divided by 3507?
602
What is the remainder when 269624538 is divided by 38517791?
1
What is the remainder when 22895727 is divided by 6168?
111
What is the remainder when 92855 is divided by 1738?
741
Calculate the remainder when 3114409 is divided by 4368.
25
What is the remainder when 239625620 is divided by 42?
38
What is the remainder when 58607 is divided by 2846?
1687
Calculate the remainder when 41722198 is divided by 1921.
1920
What is the remainder when 10759012 is divided by 784?
180
Calculate the remainder when 9226206 is divided by 4879.
17
Calculate the remainder when 315839 is divided by 157847.
145
Calculate the remainder when 218565422 is divided by 1747.
1746
Calculate the remainder when 649206 is divided by 3197.
215
Calculate the remainder when 465428 is divided by 971.
319
Calculate the remainder when 72489342 is divided by 28283.
13
Calculate the remainder when 101448746 is divided by 47.
45
What is the remainder when 156037795 is divided by 100?
95
Calculate the remainder when 58558 is divided by 8363.
17
Calculate the remainder when 3350442 is divided by 37.
18
Calculate the remainder when 1297187 is divided by 216164.
203
What is the remainder when 44790337 is divided by 11?
9
What is the remainder when 2456926 is divided by 1073?
829
What is the remainder when 17954163 is divided by 9779?
9698
What is the remainder when 21710945 is divided by 18446?
3
What is the remainder when 65506241 is divided by 1591?
1589
Calculate the remainder when 680451 is divided by 7161.
156
Calculate the remainder when 194190 is divided by 1464.
942
Calculate the remainder when 660851 is divided by 391.
61
Calculate the remainder when 2125720 is divided by 426.
406
Calculate the remainder when 1098316 is divided by 1354.
222
Calculate the remainder when 2319181 is divided by 104.
85
Calculate the remainder when 19944 is divided by 7294.
5356
What is the remainder when 7427031 is divided by 147?
3
Calculate the remainder when 207571 is divided by 5092.
3891
Calculate the remainder when 1101984 is divided by 275496.
0
What is the remainder when 78347601 is divided by 109?
36
What is the remainder when 886224933 is divided by 3746?
3745
Calculate the remainder when 2978422 is divided by 2923.
2808
What is the remainder when 854086 is divided by 282829?
5599
What is the remainder when 378182 is divided by 7427?
6832
Calculate the remainder when 1104702 is divided by 73646.
12
Calculate the remainder when 29024910 is divided by 427.
12
What is the remainder when 10537229 is divided by 2183?
2071
What is the remainder when 167949542 is divided by 5?
2
Calculate the remainder when 785730 is divided by 63.
57
Calculate the remainder when 7058018 is divided by 283.
281
Calculate the remainder when 5333 is divided by 2171.
991
What is the remainder when 163641 is divided by 40057?
3413
What is the remainder when 3900236 is divided by 20420?
16
What is the remainder when 176167 is divided by 143?
134
What is the remainder when 5119922 is divided by 2062?
2038
What is the remainder when 81772 is divided by 9062?
214
What is the remainder when 238880 is divided by 923?
746
Calculate the remainder when 17321896 is divided by 184275.
46
What is the remainder when 24133772 is divided by 378?
362
Calculate the remainder when 6551 is divided by 1023.
413
Calculate the remainder when 11999 is divided by 752.
719
What is the remainder when 24041 is divided by 22752?
1289
C